when d is divided by u.
45
Let a(u) = -u + 7. Let m be a(17). Calculate the remainder when (m/(-8))/(9/(32*9)) is divided by 7.
5
Suppose 0 = -2*f + 520 + 632. Let b = f - 544. Calculate the remainder when 95 is divided by b.
31
Suppose -6 = p + 5*n, 5*p + 4*n - 98 - 19 = 0. Let s = 13 + 5. Calculate the remainder when p is divided by s.
11
Suppose 0 = l - 3*i - 97, l - 89 - 10 = 4*i. Suppose -87*o = -l*o + 32. Suppose o*j = -4*j + 156. Calculate the remainder when 55 is divided by j.
3
Suppose 4*k - 164 + 4 = 0. Suppose k*t - 75 = 35*t. What is the remainder when (-116)/(-2)*(-3)/(-3) is divided by t?
13
Suppose 3*m - 3*y - 36 = 9, 2*y = -m + 18. What is the remainder when 2076 is divided by m?
12
Let s(g) = 109*g + 680. What is the remainder when 952 is divided by s(-5)?
7
Suppose -1292 = 3*i - 2*w, -4*i = -0*w - 2*w + 1724. Suppose -2*u + 0*u = -20. What is the remainder when ((4 - 1)/6)/((-8)/i) is divided by u?
7
Let r = -119 + 91. What is the remainder when 8/14 - 1972/r is divided by 18?
17
Suppose -4*b + 107 = p, -5*b + 443 = 4*p - 4*b. Suppose 3839 = -553*y + 11581. What is the remainder when p is divided by y?
13
Calculate the remainder when (-1252)/2191 + (-3816)/(-14) is divided by 69.
65
Suppose -7*d = s - 3447, -1063 = -3*d + 4*s + 401. Calculate the remainder when d is divided by 40.
12
Let j be ((480/9)/(-4))/(3/(-9)). Let p(f) = 2*f + 5. What is the remainder when (1100/j)/(21/6 + -3) is divided by p(5)?
10
Suppose -16*v + 21*v - 235 = 0. Suppose -797 = -30*w - v. Calculate the remainder when 370 is divided by w.
20
Let a(b) = -6*b. Let x(v) = 15932*v + 127916. What is the remainder when x(-8) is divided by a(-7)?
40
Let w = 8914 + -8685. Let q(k) = 2*k**2 - k + 1. Calculate the remainder when w is divided by q(5).
45
Suppose -23*q + 28*q - 20 = 0, t - 347 = 4*q. Calculate the remainder when t is divided by 53.
45
Let o = 31 - 28. Suppose -5*h + o*m - 4 = -134, 2*m - 97 = -3*h. Suppose 5*s - 856 = 3*v, -s + 146 + 36 = 3*v. What is the remainder when s is divided by h?
28
Let i be 3 + 9/11 + (-10)/(-55). Suppose -2*b - 5*m = -6*b + 375, i*b - 425 = -5*m. Calculate the remainder when b is divided by 44.
12
Suppose -2 = -4*c + 3*c. Suppose 3*t + 3*q + 3 = 0, 3*q - 10 = t - 1. Calculate the remainder when (-5)/t + (-50)/(-15) + 3 is divided by c.
0
Let j = -11 + 33. Let u = j - 4. Let h(y) = -y**3 - 8*y**2 - 3*y + 8. What is the remainder when h(-8) is divided by u?
14
Let o = 842 - 508. Calculate the remainder when o is divided by 112.
110
Suppose -80 = -13*i + 1298. Calculate the remainder when i is divided by (6*3)/2*440/4620*14.
10
Suppose 9 = -3*z, -2*y + 2*z + 92 = -94. Suppose -2*j = -17*j + y. What is the remainder when 496 is divided by j?
4
Suppose 2*f - 1330 = -2*h, -5*f + 1653 + 1670 = 4*h. Let i = f + -258. Calculate the remainder when i is divided by 51.
48
Let b(j) = j + 13. Let t be b(-7). Let p(m) = m**3 - 6*m**2 + 3*m - 8. Suppose -96*c = -871 - 953. Calculate the remainder when c is divided by p(t).
9
Suppose -8*v + 19 = -141. Suppose -c - 4*c = 25. Let b = v - c. Calculate the remainder when 46 is divided by b.
21
Suppose 4044 = 3*o - 16*d + 14*d, 2*o + d = 2703. Suppose o + 1470 = 30*k. What is the remainder when k is divided by 10?
4
Suppose -2*n + 290 = 5*p, -614*p + 611*p = n - 141. Calculate the remainder when 7423 is divided by n.
163
Let m(n) = -18*n + 293. Calculate the remainder when 579 is divided by m(13).
48
Let n(g) = 3*g**2 + 4*g. Let b(c) = -c**3 - 4*c**2 + 61*c - 29. Let u be b(-12). Let f = u - 380. Calculate the remainder when n(-4) is divided by f.
10
Suppose 4*f - 78 - 846 = -4*g, 733 = 3*g - 5*f. Calculate the remainder when g is divided by 75.
11
Let j(u) = u**3 + 2*u**2 + 4*u + 4. Let h be j(-2). Let w(b) = -4*b + 13. What is the remainder when ((-6)/9 - 0)/((-4)/504) is divided by w(h)?
26
Let u(j) = j**3 - 15*j**2 - 30*j - 17. Let i = 274 + -174. Suppose 5*g = -3*b + i, -5*b + 13 + 12 = 0. What is the remainder when u(g) is divided by 13?
12
Suppose 0 = -2*n + 55 + 99. Let o(y) = y**3 + 2*y**2 - y + 6. Let q be o(-3). What is the remainder when n is divided by (-5)/(q - 1/4)?
17
Suppose -230 = -5*p - 2*y - 51, 0 = -3*p + y + 103. Suppose -6*h + 528 = 5*h. Let s = h - p. Calculate the remainder when 37 is divided by s.
11
Suppose 2*j - 33 = j. Let r(h) = 20*h + 159. Let g be r(-8). What is the remainder when j is divided by (4/g + 5)*9?
6
Let y = 667 - 658. Let g(x) = -4*x - 19. Let q be g(-6). Suppose -w - 2*c = -c - 12, 2*w - 38 = q*c. What is the remainder when w is divided by y?
5
Suppose 0 = -31*j + 25*j + 42. Suppose u = 2*q + 12, -4*q = -2*q. Calculate the remainder when u is divided by j.
5
Let d = 111 + -96. Let j be -1*2*63/(-14). What is the remainder when 10/45 + 250/j is divided by d?
13
What is the remainder when (-1)/(-3) - (-26 - (-234048)/(-72)) is divided by 52?
1
Suppose -15698 = 85*o - 24320 - 64648. What is the remainder when o is divided by 97?
86
Let c(s) = -s**3 + 76*s**2 + 86*s - 515. What is the remainder when 12636 is divided by c(77)?
176
Let r = -3456 - -3479. Let y(a) = 17*a - 7. What is the remainder when y(5) is divided by r?
9
Suppose 2*c + 4*x + 1364 = 0, -5*c + 904 = -2*x + 4326. Let q(g) = -g**2 + 7*g + 6. What is the remainder when c/(-27)*(-6)/(-8) is divided by q(6)?
7
Let x = -1132 + 1144. What is the remainder when 160 is divided by x?
4
Suppose u + 3*u - 4 = 0. Let b be -66 + u - (-6 - (0 + -5)). Let s = b + 194. Calculate the remainder when s is divided by 19.
16
Let d be 3/(-3)*(-67)/1. Let y = 81 - d. What is the remainder when 17 is divided by y?
3
Let w(d) = -436*d - 1303. Let k = -4 + 4. Suppose 11 = x + 2*y - k, y = x - 20. What is the remainder when x is divided by w(-3)?
2
Let k(l) = l**3 - 3*l**2 - 2. Let f be k(5). Let v be f/80 - 37/(-5). Suppose 13*o = v*o + 465. What is the remainder when o is divided by 19?
17
Let c = -125 + -40. Let j = c + 196. What is the remainder when 121 is divided by j?
28
Let l(w) = 9*w**2 + 141*w - 124. Calculate the remainder when 171 is divided by l(-17).
11
Let y = 131 - 125. Suppose 35 + 76 = 3*n. Suppose 1 - n = -y*k. What is the remainder when 17 is divided by k?
5
Suppose 0 = -5911*q + 5956*q - 103095. Calculate the remainder when q is divided by 137.
99
Let x = -3488 + 6508. What is the remainder when x is divided by 57?
56
Suppose -2*i + 621 = i. Suppose 14*d - 9*d = y + 103, -3*d = -2*y - 59. Calculate the remainder when i is divided by d.
18
Let f(l) = -39*l - 981. What is the remainder when f(-49) is divided by 67?
59
Let l(p) = -80*p**3 + p**2 + 6*p + 6. Let g be l(-1). Suppose 16*q = 19*q - g. What is the remainder when q is divided by 10?
7
Let z(g) = g**2 - 5*g - 2. Let p be z(4). Let c = -3 - p. Let r(w) = -33*w - 1105. Calculate the remainder when r(-34) is divided by c.
2
Let l = 3984 + -3881. What is the remainder when l is divided by (60/(-8))/(3/(-6))?
13
Suppose -13*g = -31*g + 72. Suppose 4*l - 7*k = -10*k + 175, -k + 173 = g*l. Calculate the remainder when l is divided by 5.
3
Suppose -16*f + 2622 + 146 = 0. What is the remainder when f is divided by 35?
33
Let z be 3*(425/(-50))/(6/(-4)). Suppose -o + z = 3*w, 3*o + w - 23 = -w. What is the remainder when 22 is divided by o?
2
Let w(o) = -o**2 - 22*o - 74. Let k(q) = q**3 + q + 15. Calculate the remainder when w(-13) is divided by k(0).
13
Suppose 1897 = 58*h - 597. Calculate the remainder when 257 is divided by h.
42
Let a = 957 + -253. Calculate the remainder when a/96*(-72)/(-2) is divided by 14.
12
What is the remainder when -1 + 31606/14 - (-9495)/22155 is divided by 381?
352
Let k = 9171 - 5451. Calculate the remainder when k is divided by 1238.
6
Suppose -5*h - 68 = -l, 3*h + 10 = 7. Calculate the remainder when 729 is divided by l.
36
Let n = 5345 + -5227. Calculate the remainder when 4718 is divided by n.
116
Calculate the remainder when 781 is divided by (-80)/(-32)*(-1752)/(-30).
51
Let u(s) = s + 290. Calculate the remainder when 2610 is divided by u(2).
274
Let f be (-845)/(-2) - (-6)/(-4). Suppose -7*l + 27 = -f. What is the remainder when l is divided by 13?
12
Let j be (2/1 - 0)*(1 - -2). Let o = 4 + j. Suppose 7*i = o*i - 48. What is the remainder when 46 is divided by i?
14
Let b(j) = j**2 - 8*j - 12. Let s 